digit of v?
4
Suppose 503624 = 72*f + 122*f. What is the units digit of f?
6
Let y = 9856 + 2969. What is the hundreds digit of y?
8
Suppose -2*t + 379 = -5*t - 4*c, -4*t = c + 488. Let s(i) = 5*i**2 - 9*i - 3. Let w be s(-6). Let y = w + t. What is the units digit of y?
0
Suppose -3*c + r + 4 = 0, -7*r + 6*r = -c. Suppose 0 = -6*g + 2*g + 16. Suppose -c*w = -2*z - 294, 3*w + g*z - 247 - 215 = 0. What is the hundreds digit of w?
1
Let c be (-2 - -15) + -7 + 1 + 3. Let j(t) = -c*t + 4 - 11 - 8. What is the tens digit of j(-7)?
5
Suppose 2*c = 4*c - 126. Let v = 131 - 54. Let z = c + v. What is the tens digit of z?
4
Let q(z) = -z**2 - 19*z - 13. Let l be q(-16). Suppose 19 = -4*v + l. Suppose 0 = -c + 3*t + 149, -5*c + 690 = -0*c - v*t. What is the units digit of c?
4
Let i(x) = 46*x**2 + 155*x + 989. What is the hundreds digit of i(-11)?
8
Suppose -2*g - 21034 = -14*u + 11*u, 2*u - 14019 = 5*g. What is the tens digit of u?
1
Let g = 15816 + -8040. What is the thousands digit of g?
7
Let c be (-18*2*26)/((-13)/13). Suppose -t + 2878 = c. What is the units digit of t?
2
Let f be (-2)/7 + (-26)/7. What is the tens digit of (-16)/(-24)*(-1206)/f + 4?
0
Let p be (-80)/(-30) + (-2)/(-6). Let s = -80 + p. What is the units digit of (-63)/s - (-2 + 60/33)?
1
Suppose 1475*s - 1446*s - 104545 = 0. What is the tens digit of s?
0
Suppose 0 = 8*x + 4*x - 29676. Suppose -131 = 2*g - x. What is the thousands digit of g?
1
What is the tens digit of (-60)/(-24) + -54*(-1527)/12?
7
Suppose k + 791 = 5*j, 4*j + 8*k - 648 = 5*k. Suppose j = 2*p - 401. What is the hundreds digit of p?
2
Suppose 0*r + 2*r = 4*c - 424, -4*r - 2*c - 808 = 0. Let f = 460 + r. What is the hundreds digit of f?
2
Let r(x) = -2*x**3 - 6*x**2 + 15*x + 52. Suppose 14*n + 93 + 19 = 0. What is the units digit of r(n)?
2
Let t(c) = 19*c - 51. Let r be t(3). Suppose r*o = 8*o - 516. What is the hundreds digit of o?
2
Let m(x) = -19*x - 2. Let s be m(-6). Let d be 1/(-10) - (-14)/(-210)*14070/20. Let c = d + s. What is the tens digit of c?
6
Let z(s) = 4*s**2 - 6. Let g(c) = 3*c + 0*c**2 - c**2 + 2*c**2 - 28 + 25. Let d be g(-5). What is the hundreds digit of z(d)?
1
Let s(c) = -c**3 + 19*c**2 - 51*c - 63. What is the thousands digit of s(-21)?
8
Let n(z) = 49*z - 271. Let x be n(6). Suppose 3542 = x*w - 4393. What is the hundreds digit of w?
3
What is the tens digit of (1862/(-3))/(188/(-1410))?
5
Let f(i) = 341*i - 1104. What is the hundreds digit of f(7)?
2
Let q = -107 + 90. Let z(d) = 2*d**3 + 39*d**2 + 35*d + 30. What is the tens digit of z(q)?
8
Let b(g) = g**3 - 23*g**2 + 27*g - 8. Suppose 0 = 3*f - 70 + 190. Let m = f - -62. What is the tens digit of b(m)?
0
Let j(b) = b**3 - 15*b**2 + 22*b + 3. Let q be j(13). What is the hundreds digit of -156*-1*q/(-14)?
5
Let m(q) = -q**3 - 7*q**2 + 21*q + 27. Let r be m(-11). Suppose 380*n = 387*n - r. What is the tens digit of n?
4
Let r(b) = -13*b. Let w be r(-4). Suppose -12*d = -781 + 733. Let z = w - d. What is the tens digit of z?
4
Let l = 2607 - -1287. Suppose -5*j + l = -9471. Suppose 2*w + 9*w = j. What is the units digit of w?
3
Suppose 0 = r + 3*l - 16843, 3*r = -12*l + 17*l + 50585. What is the ten thousands digit of r?
1
Let o(n) = -n + 7. Let l be o(16). Let v = 9 + l. Suppose v = -3*k - 3*d + 144, 3*d - 36 + 127 = 2*k. What is the tens digit of k?
4
Let a(o) = -o + 36. Suppose 15 = 5*y, -4*d + 7*d - 87 = -y. Let b = -46 + d. What is the units digit of a(b)?
4
Suppose -3886 - 10868 = 6*h. Let c = h - -3449. What is the tens digit of c?
9
Let l(v) = 256*v**3 - 53*v + 139. What is the units digit of l(5)?
4
Let b = -127 + 133. What is the hundreds digit of (82/8*-3)/(b/(-80))?
4
Suppose -4*u - 2*k - 12395 = -32959, 2*k = -3*u + 15425. What is the thousands digit of u?
5
Suppose 26205 = 4*k - 5*y, -47*k + 3*y = -49*k + 13097. What is the thousands digit of k?
6
Let z(g) = -46*g + 56. Let u be z(7). Let c = -192 - u. What is the units digit of c?
4
Let n(u) = u + 3. Let r be n(-5). Let w be (-46)/r - (-8)/(-2). Suppose 0 = 21*s - w*s - 78. What is the tens digit of s?
3
Let y(j) = -j**3 + 2*j**2 + j - 1. Let d(g) = 10*g**3 - 3*g**2 - 5*g + 4. Let c(a) = -d(a) - 5*y(a). What is the hundreds digit of c(-4)?
2
Let c be (-1 + 92)*(-13 + -2 + -8). Let q = c - -3024. What is the units digit of q?
1
Let g be (-4)/((-80)/105) - (-3)/(-12). Suppose -g*q + 4389 = t - 2*t, -q + 869 = 2*t. What is the units digit of q?
7
Suppose -5*l = c - 8, -5*c + 7 + 4 = -4*l. What is the units digit of (-224)/48*(l - (27 + 1))?
6
Let s(o) = 2*o + 4. Let j(p) = -49*p + 26. Let v(k) = j(k) + 5*s(k). What is the tens digit of v(-12)?
1
Let c(y) = 783*y + 4103. What is the hundreds digit of c(7)?
5
Let j(w) = 6*w**2 - 46*w - 344. What is the hundreds digit of j(36)?
7
Suppose -7092 = -5*l + q, l + 6*q - 7*q = 1420. What is the tens digit of l?
1
Let x be ((-14)/8)/((-4)/(-16)). Let w(s) be the second derivative of -s**3 - 19*s**2/2 - 14*s. What is the tens digit of w(x)?
2
Let q be 54/(-14) + 9/(-63). What is the units digit of (19 + q)*4/(36/51)?
5
Let q = -14 + 12. Let l be (q/(-2) - -3)/(-2). What is the units digit of (-12)/3*43/l?
6
Let p(m) = -1518*m + 122. Let w be p(-12). Suppose -15*g + 6517 = -w. What is the tens digit of g?
5
Let k(d) be the third derivative of 9*d**5/20 + d**4/6 + 5*d**3/6 - 15*d**2. Let j be k(-4). Suppose 8*p = j + 59. What is the units digit of p?
0
Let k be (5/20)/((-17)/(-204)). Suppose -2*a + 42 = -108. What is the units digit of (k - a/6)*-10?
5
Let w(m) = -243*m + 808. What is the units digit of w(-63)?
7
Let f = -145 + 151. Let x(m) = m**2 + 3*m + 5. What is the units digit of x(f)?
9
Let r be (2 + 2)*483/92. Suppose r*l - 20*l - 705 = 0. What is the tens digit of l?
0
Let o = 103 - 217. Let z = o + 446. Suppose 1 = q, -3*m + 6*q - 5*q + z = 0. What is the hundreds digit of m?
1
Suppose 5*m + 8195 = 3*u, 17411 = 8*u - 4*m - 4517. What is the hundreds digit of u?
7
Suppose 133879 = 9*i - 22722 - 156446. What is the tens digit of i?
8
Let w = 7158 - -24734. What is the thousands digit of w?
1
Let b be (-2)/3 + -7 + 51/9. What is the units digit of ((1443/b)/(-13))/(15/220)?
4
Let t(r) be the first derivative of -3*r**2/2 - 10*r + 22. Let u be t(-5). Suppose -u*c - 27 = -102. What is the units digit of c?
5
Let z be ((-19172)/5)/2*1*-5. Suppose 0 = -20*m + 3754 + z. What is the tens digit of m?
6
Let i = 58 - 90. Let g be 1/(3/i)*(-132)/88. What is the units digit of (314/8)/(4/g)?
7
Suppose 3*y - 63952 = -y + 3*g, -63956 = -4*y + 2*g. Suppose 963 = -26*c + y. What is the hundreds digit of c?
5
Let t = 9488 + 9480. What is the ten thousands digit of t?
1
Suppose 19*l = 130 - 35. Suppose -l*q = -w + 627, -w - q + 633 = -4*q. What is the units digit of w?
2
Suppose -9*m = 20*m - 219008. What is the tens digit of (-32)/(-40) - (m/(-10) - 1)?
5
Let j = 15310 + 29331. What is the hundreds digit of j?
6
Suppose -2*c - 155087 = -5*p, -16*c - 93027 = -3*p - 19*c. What is the units digit of p?
5
Let g(x) be the third derivative of -23*x**6/15 + x**5/60 - x**4/24 - x**3/6 + 17*x**2. Let u be g(-1). Let n = u + -92. What is the tens digit of n?
9
Suppose 2310 = 3*l - 5*b, 6*b - 1538 = -2*l + 9*b. What is the tens digit of l?
6
Suppose 46*h - 914247 = -0*h + 19*h. What is the tens digit of h?
6
Suppose 144001 + 33236 = 47*a. What is the thousands digit of a?
3
Suppose 32118 = 24*a - 45042. What is the thousands digit of a?
3
Let t = 65935 - 46277. What is the hundreds digit of t?
6
Let c = 4690 + 2590. What is the thousands digit of c?
7
Let c(o) = 274*o**2 + 8*o + 79. What is the tens digit of c(-5)?
8
Let s be 63/(-2) - 3/(-2). Let m be (8/(-10))/(12/s). Suppose -2*d = -m*k + 196, -k + 2*d - 18 = -112. What is the tens digit of k?
0
Suppose -4087*t + 4082*t = -4*w - 15548, -5*w = -5*t + 15555. What is the thousands digit of t?
3
Suppose -3*h + 3 = 0, 5*w + 4*h - 3*h - 11 = 0. Suppose w*t - 212 = -10. What is the tens digit of t?
0
Suppose 6*h = -3 + 21. Suppose -h*c = -2*d - 0*d - 3, 0 = -5*d - 3*c + 3. Suppose d = 15*n - 11*n - 352. What is the units digit of n?
8
Let v be 6/4 - 10/(-140)*7. Suppose 13*k + v*k = 12885. What is the hundreds digit of k?
8
Let g = 741 + 2625. What is the units digit of g?
6
Let t = -318 - -75. Let q = t +